 - 6. Let j be k(-3). Let m = j - 253. What is the greatest common factor of r and m?
14
Let w be 7 - (17/6 + 3/18). Suppose c - 4*l - 4 = 8, -w*l + 48 = 2*c. Calculate the greatest common factor of c and 70.
10
Let n(u) = u**3 + 20*u**2 + 2*u + 568. Let t be n(-19). Calculate the greatest common divisor of 253 and t.
11
Suppose -4825 = 23*a - 12185. Let f be 1/6*0 + a. What is the greatest common divisor of f and 40?
40
Let k be (1/3)/((10 + -8)/78). Suppose 0 = -a - 3*r + 134, k*a - r = 18*a - 698. Calculate the greatest common divisor of a and 210.
70
Suppose -4*c - 4*w - 6 + 42 = 0, -2*c + 4*w - 24 = 0. What is the highest common divisor of 146 and c?
2
Let p be 1 - -3 - (-2)/4*122. Suppose -3*z - 2*z + 59 = 3*w, 2*z = 3*w - 31. What is the greatest common factor of w and p?
13
Let b(z) = 666*z + 2669. Let x be b(-4). Let m be (3 + -1)/((-4)/(-6)). Calculate the highest common factor of x and m.
1
Suppose -27108 = -t - 2469 + 2652. Calculate the greatest common factor of 33 and t.
33
Let d = -2812 - -2875. What is the greatest common factor of d and 90?
9
Suppose 11*c = c + 4390. Suppose c*w = 444*w - 555. Calculate the highest common factor of w and 148.
37
Suppose 0 = 85*q + 34*q - 2856. Suppose 5*m = -2*f + 6*f - 308, -20 = 5*m. What is the greatest common divisor of f and q?
24
Let b be 20/8*(-4 + 6). Suppose -m - b*j - 10 = -3*m, -3*m + 38 = 4*j. Let f = -164 - -166. Calculate the greatest common divisor of m and f.
2
Suppose -21 = 7*s + 14. Let h be 24/(-10)*s/2 + 0. Let f be 206/27*h - 2/(-9). What is the highest common divisor of 69 and f?
23
Suppose 24 = 7*l - 11. Suppose -35 = -l*h - 3*s, -3*h = -8*h + 5*s - 5. Calculate the highest common factor of h and 18.
2
Suppose 0 = -t + 4 + 59. Let o be (-72)/(-96)*348 + 3 + -9 + -3. What is the highest common factor of t and o?
63
Suppose -71 = 2*x - 6*x + 3*l, 0 = 4*l - 12. Let f = -7551 - -7711. Calculate the greatest common divisor of x and f.
20
Let s be (1/14)/((-94)/(-9212)). Let l be (-20880)/(-42) + 1/(-7). Calculate the greatest common factor of s and l.
7
Suppose 19*f = 22*f - 15. Suppose 0*j = -f*d + 5*j - 20, -j = 4*d - 4. Let y be (-1 + d - -2) + 5. What is the greatest common divisor of y and 42?
6
Let n = 15218 - 15105. Calculate the highest common divisor of n and 5876.
113
Let r = -180 + 186. Suppose 7 = 3*t - 4*h, 0 = -r*t + 10*t - 2*h - 6. What is the greatest common factor of 27 and t?
1
Let y = 11963 - 11919. What is the greatest common factor of 4 and y?
4
Let v = -32 + -3. Let c = 115 + v. Suppose -r = r - c. Calculate the highest common divisor of 5 and r.
5
Let h be (166 - 14)*((-15)/(-18) + 3/(-9)). What is the highest common factor of h and 5548?
76
Let g(i) = i**3 - 3*i**2 - 178*i + 988. Let n be g(6). Calculate the highest common factor of n and 86.
2
Let w be (-25)/(-20) + 26/(-8) + 3. Let p = 6 - w. Let i be 8/(((-5)/(-2))/p). Calculate the greatest common factor of i and 128.
16
Suppose -9972 = -49*j + 22613. What is the greatest common factor of j and 8512?
133
Let s = -125 + 102. Let n(j) = -j**2 - 27*j - 87. Let b be n(s). Suppose 5*q + 0*m - 69 = -2*m, 5*m = 2*q - 45. What is the greatest common factor of b and q?
5
Let g be ((-300)/(-45) + -6)/((-2)/(-10005)). Calculate the highest common factor of g and 435.
145
Suppose 1401 = -22*d - 1745. Let b = d + 432. What is the highest common divisor of b and 17?
17
Let x(k) = -k**3 + 27*k**2 - 162*k + 24. Let q be x(16). Calculate the highest common divisor of 22 and q.
2
Let p be (126/24)/(-21) + 17/4. Suppose -3*a + 46 = 2*h - 158, p*a = h + 272. Calculate the highest common factor of a and 34.
34
Let y be 30/((2 - 1)*6/3). Calculate the highest common divisor of 105 and y.
15
Let u = 676 - 592. What is the greatest common divisor of 348 and u?
12
Let l(c) = -3*c**3 - 14*c**2 - 27*c + 14. Let v be l(-14). What is the highest common divisor of v and 120?
120
Suppose 2*o = -o + 9. Let l be 1*6*(45/6)/(35/63). Calculate the greatest common divisor of l and o.
3
Let r(j) = 18*j**2 + 141*j - 36. Let a be r(-10). Calculate the highest common divisor of 162 and a.
6
Let j = 106 - 79. Suppose -5*x - 15 = 0, -6*w + 3*x = -w - 189. Suppose j*i = 30*i - w. What is the highest common factor of 132 and i?
12
Let a = 346 - 349. Let c be 85/5 - (-9 - a). What is the greatest common factor of c and 851?
23
Let l = 6422 - 6415. What is the greatest common divisor of 1939 and l?
7
Suppose 0 = 199*f + 105*f - 234080. What is the highest common divisor of 560 and f?
70
Suppose k - 156 = -2*t, 3*t - 25 = -2*k + 207. Calculate the highest common factor of 110 and t.
10
Let l be ((-92)/(-20) - 4) + (-48464)/(-10). What is the highest common divisor of 37 and l?
37
Suppose -20511 = 12*w - 86895. Calculate the highest common factor of w and 12.
12
Let c be 4 + -2 + (-10 - (-1 + -3)). Let s be 12 - ((-64)/(-48) + c/(-6)). What is the greatest common factor of 30 and s?
10
Let x = -734 - -738. Let c be (x + 6)*(-54)/(-15). Calculate the greatest common factor of c and 126.
18
Let h be ((-4)/5)/((-30)/750). Let b be 48/(((-1)/114)/(h/(-180))). Calculate the greatest common factor of 19 and b.
19
Let v = 74 - 23. Suppose -7*d + 751 = 2*z - 58, z - 410 = 2*d. Calculate the greatest common divisor of v and z.
51
Let k = 53 - 39. Let d = 11 - 9. Suppose d*t = -0 + 8. What is the highest common divisor of k and t?
2
Suppose 11*i = 1404 + 466. Let a = i + -152. Suppose -18 = 6*d - 7*d. What is the greatest common divisor of a and d?
18
Let y = 411 - 283. Suppose 6*x - 30 = -18. Suppose -46 = -3*l - x*s, -4*l + 6*l = 3*s + 35. Calculate the greatest common factor of l and y.
16
Suppose 5*d + 30 = 0, 3*j = -2*d - d + 5904. Calculate the greatest common factor of j and 336.
42
Suppose k - 2*n = 8, -2*k - 2*n = 3*n + 29. Let u = 4 - k. Let b = u - -34. Calculate the highest common factor of b and 100.
20
Let h be 135 + (-4 - -10 - (-14 + 13)). Let q be ((-70)/3)/(h/(-213)). Let o = -372 - -722. Calculate the greatest common divisor of q and o.
35
Let u = -174 + 222. Suppose 0 = 51*s - u*s - 126. What is the highest common divisor of s and 336?
42
Let a = 1 - -11. Suppose -2*m + 2 = -3*g + 3, 0 = 2*m - 4*g. Let o be (-12)/((0 + 1)/m). Calculate the highest common factor of o and a.
12
Suppose 128 = 5*v + 3*c, 2*v - 4*c - 71 = -v. Let s be ((-98)/(-42))/((-13)/(-975)). What is the highest common factor of s and v?
25
Let i = 906 + -888. Calculate the highest common factor of 22 and i.
2
Let n(y) = -119*y**2 - 7*y + 14. Let q be n(2). Let g be (1 + -2)*(-23)/((-161)/q). What is the highest common divisor of 102 and g?
34
Let s be ((-4)/(-4) + 0)*-4*(-199 - -3). What is the highest common divisor of 168 and s?
56
Let f(m) = 6*m - 2. Let u be f(3). Let d be (1 + 3/(-15))/(58/145). Suppose -64 = -2*a - d*a. What is the highest common factor of u and a?
16
Let t be 2 + (-1)/(3/(-24)). Let y = 26 - t. Let u = 21472 - 21264. What is the highest common factor of y and u?
16
Let u be (137085/342 - 51) + 2/(-24)*-2. Calculate the highest common divisor of u and 450.
50
Let a(n) = -n**3 - 2*n**2 + 5*n + 7. Let l be a(3). Let d = l - -43. Let f be 48/9 + 2 - (-2)/3. Calculate the greatest common divisor of f and d.
4
Suppose -13*a + 5 = -2452. Calculate the highest common factor of 261 and a.
9
Suppose 20 = -2*u + 4*o, 2*o + 8 = -2*u - 36. Let b = -28 + u. Let k = b - -61. Calculate the highest common factor of k and 3.
3
Let z be 50/775 - (3822616/124)/(-7). What is the greatest common divisor of 48 and z?
12
Let b(r) = 108*r - 4884. Let v be b(118). What is the greatest common divisor of 240 and v?
60
Let w be -309*4/(16/2)*-2. Let c = w - -96. Calculate the greatest common divisor of c and 5.
5
Let a be 0 - 10/(-1 + 0)*22. Suppose -5*n = -7*n - a. Let m = n + 194. What is the greatest common factor of 12 and m?
12
Suppose 202*v - 4168035 = 434535. Calculate the greatest common divisor of 49 and v.
49
Suppose 6608 = 60*a - 56*a + 3*c, -c + 1651 = a. What is the highest common divisor of a and 35?
5
Let b(f) = 5*f**2 - 55*f - 402. Let h be b(-10). What is the greatest common divisor of h and 936?
72
Suppose 0 = 4*s - 164 + 44. Let h(v) = -v**3 + 31*v**2 - 30*v + 4. Let a be h(s). Calculate the highest common factor of 4 and a.
4
Suppose 36*i = 33*i + 